{"id":113,"date":"2025-08-15T17:59:17","date_gmt":"2025-08-15T14:59:17","guid":{"rendered":"https:\/\/alfatemizlikhizmetleri.com\/?page_id=113"},"modified":"2025-08-15T18:07:49","modified_gmt":"2025-08-15T15:07:49","slug":"hizmet-bolgeleri","status":"publish","type":"page","link":"https:\/\/alfatemizlikhizmetleri.com\/index.php\/hizmet-bolgeleri\/","title":{"rendered":"Hizmet B\u00f6lgeleri"},"content":{"rendered":"\n<div class=\"wp-block-group has-white-background-color has-background is-layout-flow wp-block-group-is-layout-flow\" style=\"padding-top:var(--wp--preset--spacing--80);padding-right:0;padding-bottom:var(--wp--preset--spacing--80);padding-left:0\"><h1 style=\"font-style:normal;font-weight:700;\" class=\"has-text-align-center wp-block-site-title has-medium-font-size\"><a href=\"https:\/\/alfatemizlikhizmetleri.com\" target=\"_self\" rel=\"home\">ALFA TEM\u0130ZL\u0130K H\u0130ZMETLER\u0130<\/a><\/h1>\n\n<p class=\"has-text-align-center wp-block-site-tagline\">G\u00fcvenilir Temizlik<\/p>\n\n\n<div style=\"height:20px\" aria-hidden=\"true\" class=\"wp-block-spacer\"><\/div>\n\n\n\n<div class=\"wp-block-buttons is-content-justification-center is-layout-flex wp-container-core-buttons-is-layout-a89b3969 wp-block-buttons-is-layout-flex\">\n<div class=\"wp-block-button has-custom-width wp-block-button__width-100\"><a class=\"wp-block-button__link wp-element-button\">Arnavutk\u00f6y<\/a><\/div>\n\n\n\n<div class=\"wp-block-button has-custom-width wp-block-button__width-100\"><a class=\"wp-block-button__link wp-element-button\">Avc\u0131lar<\/a><\/div>\n\n\n\n<div class=\"wp-block-button has-custom-width wp-block-button__width-100\"><a class=\"wp-block-button__link wp-element-button\">Ba\u011fc\u0131lar<\/a><\/div>\n\n\n\n<div class=\"wp-block-button has-custom-width wp-block-button__width-100\"><a class=\"wp-block-button__link wp-element-button\">Bah\u00e7elievler<\/a><\/div>\n\n\n\n<div class=\"wp-block-button has-custom-width wp-block-button__width-100\"><a class=\"wp-block-button__link wp-element-button\">Bak\u0131rk\u00f6y<\/a><\/div>\n\n\n\n<div class=\"wp-block-button has-custom-width wp-block-button__width-100\"><a class=\"wp-block-button__link wp-element-button\">Ba\u015fak\u015fehir<\/a><\/div>\n\n\n\n<div class=\"wp-block-button has-custom-width wp-block-button__width-100 is-style-fill\"><a class=\"wp-block-button__link wp-element-button\">Bayrampa\u015fa<\/a><\/div>\n\n\n\n<div class=\"wp-block-button has-custom-width wp-block-button__width-100 is-style-fill\"><a class=\"wp-block-button__link wp-element-button\">Be\u015fikta\u015f<\/a><\/div>\n\n\n\n<div class=\"wp-block-button has-custom-width wp-block-button__width-100 is-style-fill\"><a class=\"wp-block-button__link wp-element-button\">Beylikd\u00fcz\u00fc<\/a><\/div>\n\n\n\n<div class=\"wp-block-button has-custom-width wp-block-button__width-100 is-style-fill\"><a class=\"wp-block-button__link wp-element-button\">Beyo\u011flu<\/a><\/div>\n\n\n\n<div class=\"wp-block-button has-custom-width wp-block-button__width-100 is-style-fill\"><a class=\"wp-block-button__link wp-element-button\">B\u00fcy\u00fck\u00e7ekmece<\/a><\/div>\n\n\n\n<div class=\"wp-block-button has-custom-width wp-block-button__width-100 is-style-fill\"><a class=\"wp-block-button__link wp-element-button\">\u00c7atalca<\/a><\/div>\n\n\n\n<div class=\"wp-block-button has-custom-width wp-block-button__width-100 is-style-fill\"><a class=\"wp-block-button__link wp-element-button\">Esenler<\/a><\/div>\n\n\n\n<div class=\"wp-block-button has-custom-width wp-block-button__width-100 is-style-fill\"><a class=\"wp-block-button__link wp-element-button\">Esenyurt<\/a><\/div>\n\n\n\n<div class=\"wp-block-button has-custom-width wp-block-button__width-100 is-style-fill\"><a class=\"wp-block-button__link wp-element-button\">Ey\u00fcpsultan<\/a><\/div>\n\n\n\n<div class=\"wp-block-button has-custom-width wp-block-button__width-100 is-style-fill\"><a class=\"wp-block-button__link wp-element-button\">Fatih<\/a><\/div>\n\n\n\n<div class=\"wp-block-button has-custom-width wp-block-button__width-100 is-style-fill\"><a class=\"wp-block-button__link wp-element-button\">Gaziosmanpa\u015fa<\/a><\/div>\n\n\n\n<div class=\"wp-block-button has-custom-width wp-block-button__width-100 is-style-fill\"><a class=\"wp-block-button__link wp-element-button\">G\u00fcng\u00f6ren<\/a><\/div>\n\n\n\n<div class=\"wp-block-button has-custom-width wp-block-button__width-100 is-style-fill\"><a class=\"wp-block-button__link wp-element-button\">Ka\u011f\u0131thane<\/a><\/div>\n\n\n\n<div class=\"wp-block-button has-custom-width wp-block-button__width-100 is-style-fill\"><a class=\"wp-block-button__link wp-element-button\">K\u00fc\u00e7\u00fck\u00e7ekmece<\/a><\/div>\n\n\n\n<div class=\"wp-block-button has-custom-width wp-block-button__width-100 is-style-fill\"><a class=\"wp-block-button__link wp-element-button\">Sar\u0131yer<\/a><\/div>\n\n\n\n<div class=\"wp-block-button has-custom-width wp-block-button__width-100 is-style-fill\"><a class=\"wp-block-button__link wp-element-button\">Silivri<\/a><\/div>\n\n\n\n<div class=\"wp-block-button has-custom-width wp-block-button__width-100 is-style-fill\"><a class=\"wp-block-button__link wp-element-button\">\u015ei\u015fli<\/a><\/div>\n\n\n\n<div class=\"wp-block-button has-custom-width wp-block-button__width-100 is-style-fill\"><a class=\"wp-block-button__link wp-element-button\">Zeytinburnu<\/a><\/div>\n<\/div>\n<\/div>\n\n\n\n<p>\u0130stanbul\u2019un Avrupa Yakas\u0131\u2019nda, geni\u015f hizmet a\u011f\u0131m\u0131z ve profesyonel ekibimiz ile ev temizli\u011fi, koltuk y\u0131kama ve hal\u0131fleks y\u0131kama alanlar\u0131nda y\u00fcksek kalite standartlar\u0131nda hizmet veriyoruz. Temizlikte hijyen, g\u00fcven ve m\u00fc\u015fteri memnuniyetini temel ilke edinmi\u015f olan firmam\u0131z, her biri alan\u0131nda uzman personel, modern ekipmanlar ve \u00e7evre dostu temizlik \u00fcr\u00fcnleri ile \u00e7al\u0131\u015fmaktad\u0131r.<\/p>\n\n\n\n<h2 class=\"wp-block-heading\">Neden Bizi Tercih Etmelisiniz?<\/h2>\n\n\n\n<ul class=\"wp-block-list\">\n<li>Profesyonel ve g\u00fcler y\u00fczl\u00fc ekip<\/li>\n<\/ul>\n\n\n\n<ul class=\"wp-block-list\">\n<li>Modern, hijyenik temizlik ekipmanlar\u0131<\/li>\n<\/ul>\n\n\n\n<ul class=\"wp-block-list\">\n<li>\u00c7evre dostu ve insan sa\u011fl\u0131\u011f\u0131na zarars\u0131z temizlik \u00fcr\u00fcnleri<\/li>\n<\/ul>\n\n\n\n<ul class=\"wp-block-list\">\n<li>H\u0131zl\u0131 randevu ve zaman\u0131nda hizmet garantisi<\/li>\n<\/ul>\n\n\n\n<ul class=\"wp-block-list\">\n<li>Uygun fiyat ve y\u00fcksek kalite<\/li>\n<\/ul>\n\n\n\n<p><\/p>\n\n\n\n<p><strong>ALFA TEM\u0130ZL\u0130K H\u0130ZMETLER\u0130<\/strong> olarak, amac\u0131m\u0131z m\u00fc\u015fterilerimize yaln\u0131zca temizlik de\u011fil, huzurlu ve sa\u011fl\u0131kl\u0131 ya\u015fam alanlar\u0131 sunmakt\u0131r. Bizimle ileti\u015fime ge\u00e7erek Avrupa Yakas\u0131\u2019n\u0131n hangi il\u00e7esinde olursan\u0131z olun, kaliteli temizlik hizmetlerimizden yararlanabilirsiniz.<\/p>\n","protected":false},"excerpt":{"rendered":"<p>\u0130stanbul\u2019un Avrupa Yakas\u0131\u2019nda, geni\u015f hizmet a\u011f\u0131m\u0131z ve profesyonel ekibimiz ile ev temizli\u011fi, koltuk y\u0131kama ve hal\u0131fleks y\u0131kama alanlar\u0131nda y\u00fcksek kalite standartlar\u0131nda hizmet veriyoruz. Temizlikte hijyen, g\u00fcven ve m\u00fc\u015fteri memnuniyetini temel ilke edinmi\u015f olan firmam\u0131z, her biri alan\u0131nda uzman personel, modern ekipmanlar ve \u00e7evre dostu temizlik \u00fcr\u00fcnleri ile \u00e7al\u0131\u015fmaktad\u0131r. Neden Bizi Tercih Etmelisiniz? ALFA TEM\u0130ZL\u0130K H\u0130ZMETLER\u0130 [&hellip;]<\/p>\n","protected":false},"author":1,"featured_media":0,"parent":0,"menu_order":0,"comment_status":"closed","ping_status":"closed","template":"","meta":{"footnotes":""},"class_list":["post-113","page","type-page","status-publish","hentry"],"_links":{"self":[{"href":"https:\/\/alfatemizlikhizmetleri.com\/index.php\/wp-json\/wp\/v2\/pages\/113","targetHints":{"allow":["GET"]}}],"collection":[{"href":"https:\/\/alfatemizlikhizmetleri.com\/index.php\/wp-json\/wp\/v2\/pages"}],"about":[{"href":"https:\/\/alfatemizlikhizmetleri.com\/index.php\/wp-json\/wp\/v2\/types\/page"}],"author":[{"embeddable":true,"href":"https:\/\/alfatemizlikhizmetleri.com\/index.php\/wp-json\/wp\/v2\/users\/1"}],"replies":[{"embeddable":true,"href":"https:\/\/alfatemizlikhizmetleri.com\/index.php\/wp-json\/wp\/v2\/comments?post=113"}],"version-history":[{"count":4,"href":"https:\/\/alfatemizlikhizmetleri.com\/index.php\/wp-json\/wp\/v2\/pages\/113\/revisions"}],"predecessor-version":[{"id":118,"href":"https:\/\/alfatemizlikhizmetleri.com\/index.php\/wp-json\/wp\/v2\/pages\/113\/revisions\/118"}],"wp:attachment":[{"href":"https:\/\/alfatemizlikhizmetleri.com\/index.php\/wp-json\/wp\/v2\/media?parent=113"}],"curies":[{"name":"wp","href":"https:\/\/api.w.org\/{rel}","templated":true}]}}