{"id":62,"date":"2025-07-30T23:22:09","date_gmt":"2025-07-30T20:22:09","guid":{"rendered":"https:\/\/alfatemizlikhizmetleri.com\/?page_id=62"},"modified":"2025-08-15T17:47:15","modified_gmt":"2025-08-15T14:47:15","slug":"iletisim","status":"publish","type":"page","link":"https:\/\/alfatemizlikhizmetleri.com\/index.php\/iletisim\/","title":{"rendered":"\u0130leti\u015fim"},"content":{"rendered":"\n<p>Temizlik hizmetlerimiz hakk\u0131nda detayl\u0131 bilgi almak, randevu olu\u015fturmak ya da teklif istemek i\u00e7in bizimle ileti\u015fime ge\u00e7ebilirsiniz. Profesyonel ve g\u00fcler y\u00fczl\u00fc ekibimiz size en k\u0131sa s\u00fcrede d\u00f6n\u00fc\u015f yapacakt\u0131r.<\/p>\n\n\n\n<p>\ud83d\udcf1 <strong>Osman Bey<\/strong> \u2013 <a href=\"tel:05525082034\"><em><strong>0552 508 20 34<\/strong><\/em><\/a><\/p>\n\n\n\n<p>\ud83d\udcf1 <strong>Beg\u00fcl Han\u0131m <\/strong>\u2013 <a href=\"tel:05316550596\"><strong><em>0531 655 05 96<\/em><\/strong><\/a><\/p>\n\n\n\n<p>\ud83d\udccd <strong>Hizmet Alanlar\u0131m\u0131z<\/strong><\/p>\n\n\n\n<p>Ev, ofis ve depo temizli\u011fi\u2013 Tadilat sonras\u0131 temizlik\u2013 Ta\u015f\u0131nma \u00f6ncesi temizlik\u2013 Hal\u0131fleks ve koltuk y\u0131kama<\/p>\n\n\n\n<p>\ud83d\udce9 <strong>E-posta<\/strong> <\/p>\n\n\n\n<p><a href=\"mailto:bilgi@alfatemizlikhizmetleri.com\">bilgi@alfatemizlikhizmetleri.com<\/a><\/p>\n\n\n\n<p>\ud83d\udccc <strong>Adres<\/strong><\/p>\n\n\n\n<p> D\u00fc\u011fmeciler Mah. Yeni \u00c7a\u011f Sokak No:7 \u0130stanbul<\/p>\n\n\n\n<p><\/p>\n","protected":false},"excerpt":{"rendered":"<p>Temizlik hizmetlerimiz hakk\u0131nda detayl\u0131 bilgi almak, randevu olu\u015fturmak ya da teklif istemek i\u00e7in bizimle ileti\u015fime ge\u00e7ebilirsiniz. Profesyonel ve g\u00fcler y\u00fczl\u00fc ekibimiz size en k\u0131sa s\u00fcrede d\u00f6n\u00fc\u015f yapacakt\u0131r. \ud83d\udcf1 Osman Bey \u2013 0552 508 20 34 \ud83d\udcf1 Beg\u00fcl Han\u0131m \u2013 0531 655 05 96 \ud83d\udccd Hizmet Alanlar\u0131m\u0131z Ev, ofis ve depo temizli\u011fi\u2013 Tadilat sonras\u0131 temizlik\u2013 Ta\u015f\u0131nma [&hellip;]<\/p>\n","protected":false},"author":1,"featured_media":0,"parent":0,"menu_order":0,"comment_status":"closed","ping_status":"closed","template":"","meta":{"footnotes":""},"class_list":["post-62","page","type-page","status-publish","hentry"],"_links":{"self":[{"href":"https:\/\/alfatemizlikhizmetleri.com\/index.php\/wp-json\/wp\/v2\/pages\/62","targetHints":{"allow":["GET"]}}],"collection":[{"href":"https:\/\/alfatemizlikhizmetleri.com\/index.php\/wp-json\/wp\/v2\/pages"}],"about":[{"href":"https:\/\/alfatemizlikhizmetleri.com\/index.php\/wp-json\/wp\/v2\/types\/page"}],"author":[{"embeddable":true,"href":"https:\/\/alfatemizlikhizmetleri.com\/index.php\/wp-json\/wp\/v2\/users\/1"}],"replies":[{"embeddable":true,"href":"https:\/\/alfatemizlikhizmetleri.com\/index.php\/wp-json\/wp\/v2\/comments?post=62"}],"version-history":[{"count":6,"href":"https:\/\/alfatemizlikhizmetleri.com\/index.php\/wp-json\/wp\/v2\/pages\/62\/revisions"}],"predecessor-version":[{"id":112,"href":"https:\/\/alfatemizlikhizmetleri.com\/index.php\/wp-json\/wp\/v2\/pages\/62\/revisions\/112"}],"wp:attachment":[{"href":"https:\/\/alfatemizlikhizmetleri.com\/index.php\/wp-json\/wp\/v2\/media?parent=62"}],"curies":[{"name":"wp","href":"https:\/\/api.w.org\/{rel}","templated":true}]}}